40. What is the units digit of m?
8
Suppose 2*k - 350 = -3*g + 5*g, 3*k - 501 = -5*g. What is the hundreds digit of k?
1
Let b be 2 + -5 + 5 + 0. Suppose b*m + m - 48 = -5*n, 0 = -2*m + 2. What is the tens digit of n/(-15) + (-166)/(-10)?
1
Suppose -7 = -g - 3*c, -5*c = -g + 14 - 39. Let x(l) = -l**2 - 7*l + 8. What is the tens digit of x(g)?
1
Let k(m) = -m**3 + 2*m - 7*m**2 - 4*m**2 + 9 + 12*m**2 - m. What is the units digit of k(0)?
9
Suppose -4*q - 2 = -5*q. What is the units digit of 120/21 - q/(-7)?
6
Suppose -9 = -l - 2*z, -9 = -2*l - 3*z + 2*z. Suppose m = l*b - 16, 5*m = -2*b + 6*b - 36. What is the units digit of b?
4
Suppose 5 - 22 = 2*v - g, 4 = 4*g. Let c = v - -28. What is the tens digit of c?
2
Suppose -2*a + 4 = -4*r, 5*r + 15 = 3*a + 2*a. Suppose -3*h + 16 = h. Suppose -40 = -a*q - h. What is the units digit of q?
9
Suppose -s + 4*m = 3, 4*m - 21 = -s - 0*s. Suppose 2*d - s - 7 = 3*v, 0 = 2*d + v - 24. What is the units digit of d?
1
Let f(h) = 1 - 2*h + 7*h + 3*h - 5. What is the tens digit of f(4)?
2
Suppose -324 = -3*q - 3*a, 3*q + 2*q = -3*a + 540. What is the hundreds digit of q?
1
Let b(t) = -t**2 - 6*t - 5. Let s be b(-5). What is the units digit of (-2)/4*(-10 - s)?
5
Suppose 12 = 2*f + f. Suppose 0 = 3*k - f - 8. Suppose -h = 3*v - 3, 4*h = -v - k + 5. What is the units digit of v?
1
Suppose q - 7*r - 52 = -5*r, 0 = q - r - 49. What is the units digit of q?
6
Let r(s) = -s**2 + 6*s - 6. Let w be r(4). Suppose -w*f + 4*z = -28, -f + 2*f = -2*z + 2. What is the units digit of f?
8
Suppose -3*q - 3 + 1 = -t, -4*t - 16 = 0. What is the tens digit of q + 15 - (-12)/(-6)?
1
Suppose 5*l = 3*b + 13, -14 = 3*l - 8*l + 4*b. Suppose l*h - 22 = h. What is the units digit of h?
2
Suppose -5*k - 3 + 24 = 3*p, 2*p + 5*k - 19 = 0. Suppose -3*f - 2 = 5*m, 2*f + 0*m = -p*m. What is the units digit of f?
1
Let o be (-484)/(-33)*6/(-4). What is the tens digit of 1 + 1 + o/(-2)?
1
Let j = 26 + -16. Suppose -r - 2*a = -a + 4, -j = 5*a. Let n = r - -8. What is the units digit of n?
6
Let n(f) = -2*f - 7. Let t be n(-5). Suppose -m = t, -11 = a - 3*a + 3*m. What is the units digit of a?
1
Suppose -5*n = -2 - 3. What is the units digit of n?
1
Let s(h) = 1. Let a(f) = f**2 + 2. Let r(c) = c**3 - 6*c**2 + 5*c + 1. Let o be r(5). Let i(p) = o*a(p) - s(p). What is the units digit of i(0)?
1
Let i(d) = -d**2 - 5*d + 4. Let r be i(-5). Suppose 3*y + r*s - 32 = 0, -y + s + 11 = 2*s. What is the tens digit of y?
1
Let x = -4 + 2. Let z be 9/(-6) - 3/x. Suppose z = 4*g - g - 45. What is the tens digit of g?
1
What is the units digit of 4/6 - (-110)/33?
4
Let r = 7 + 9. What is the units digit of (-6)/(-1)*8/r?
3
Suppose 0 = -4*u + 5*u + 19. Let j = u + 45. Suppose -3*g + 1 + j = 0. What is the units digit of g?
9
Let k(p) = -p**3 + 7*p**2 + 5*p - 10. Let g be (14/(-5))/(6/(-15)). What is the units digit of k(g)?
5
Let l = 6 + -4. Suppose -5*h + 90 = -l*h. What is the tens digit of h?
3
Let t = -93 - -150. What is the units digit of t?
7
Suppose 3*l - 4*t = -1, 4*t - 15 = 1. Suppose -2*y = l*q + 33 + 17, -y = 4*q + 40. What is the units digit of (-86)/q + 4/10?
9
Suppose 5*z = -3*l - 26, l + 3 - 5 = z. What is the tens digit of 82/2*(-1 - l)?
4
Let c = 5 - 0. Suppose c*g - 200 = -0*g. What is the units digit of g?
0
Let y = -5 - -7. Suppose r + 0 - y = 0. What is the units digit of 41/4 - r/8?
0
Let g = -27 - -78. What is the tens digit of g?
5
Let u(d) = -5*d + 1. Let j be u(8). Let m = -14 - j. What is the units digit of m?
5
Let a(h) = -h - h**3 + 2*h + 0*h**2 - 3*h**2 + 5*h**2. What is the tens digit of a(-2)?
1
Let y = 17 + -17. What is the tens digit of (-58)/(-2) + (3 - y)?
3
What is the units digit of (-4)/(-10)*(57 + 8)?
6
Let f = 10 - 16. What is the tens digit of ((-24)/9 + 1)*f?
1
Let o be (-2)/6 + 4/(-6). Suppose 2*t + 3 = d, 3*t = 3*d + 1 - 4. Let r = o - t. What is the units digit of r?
1
Let i(k) = -4*k + 19. What is the tens digit of i(-7)?
4
Let j = 20 + -7. Let v = j - 0. What is the tens digit of v?
1
Let v(y) = y**2 + 2*y + 2. What is the units digit of v(5)?
7
Suppose 5*i - 625 = -2*r, 0 = 4*r - r. Suppose 6*y = y + i. What is the tens digit of y?
2
Let j(a) = -3*a + 5. Let z be j(9). Let p = z - -13. What is the units digit of 4/p*-6*3?
8
Let t(g) = -g**3 + 14*g**2 - 13*g - 3. What is the units digit of t(12)?
9
Suppose -3*h - 52 + 154 = 0. Let w = 0 - 0. Suppose w*c - h = -2*c. What is the tens digit of c?
1
Suppose 3*i = 5*i - 2. Let b(w) = -w**2 + 5*w + 2. Let u be b(6). What is the units digit of 1*(i - (u - 2))?
7
Suppose -7*i + 3*y - 11 = -2*i, -3*i + 2*y = 6. Let l = i - -9. What is the units digit of l?
5
Let q = 3 - 0. What is the units digit of q?
3
Let y = -1 + 6. Suppose -y*l = -3*b - 76, 5*l - 5*b + b = 78. What is the units digit of l?
4
Let u = -62 + 126. What is the units digit of u?
4
Suppose 15 - 420 = -5*d. What is the units digit of d?
1
Let i = 4 + -1. Suppose -5*r - o - 9 = -r, 7 = -5*r + i*o. What is the units digit of 4/((r - -4)/2)?
4
Suppose 2*c = w + 1, -3*w + 2*w - 3*c - 1 = 0. What is the units digit of (w*1)/((-4)/44)?
1
Let x = 34 - -22. What is the units digit of x?
6
Suppose 3*l - 28 = 3*z - 2*l, 3*z + 3*l + 12 = 0. Let x = 2 - 1. What is the units digit of x/(2 - (-11)/z)?
6
Suppose 2*p - 6*p = 0. Suppose p*t - 37 = -t. What is the tens digit of t?
3
Suppose -3*x - 3*v = -v - 1, x + 3*v + 9 = 0. Suppose c - 31 = -2*u - 5, 0 = u - 2*c - x. What is the units digit of u?
1
Suppose 4*c = -c - 4*r + 14, 6 = c + 4*r. Suppose -4*a + 24 = -c*a. What is the units digit of (a/(-5))/((-12)/80)?
6
Let h(i) = 2*i + 11. Let t(q) = -q - 6. Let a(f) = -6*h(f) - 11*t(f). Let v be a(-1). Suppose -v + 9 = g. What is the units digit of g?
8
Let j = -2 - -3. Let d = -1 - j. What is the units digit of (-10 + -2)/(3/d)?
8
Let y(o) = 2*o - 7. Let q be y(-5). Let n = -10 - q. What is the units digit of n?
7
Suppose 3*i + 3 = 4*i. What is the units digit of i?
3
Let t be (-1 + 28/2)/(-1). Let d = -2 - t. What is the tens digit of d?
1
Let i = -4 - -8. What is the units digit of i - 0 - (-8 - 9)?
1
Suppose -14 = -4*s + 134. What is the units digit of s?
7
Let t(s) = s**2 + 2*s. What is the tens digit of t(5)?
3
Let o = 1 - 3. Let f be 2 - (-2 + -6 + o). Suppose -3*z = -f - 6. What is the units digit of z?
6
Suppose -4*o = -i - 18, 0*o = 2*i + 3*o - 8. Let j = i + 5. What is the units digit of j?
3
Suppose w + 5 = -h + 4, -4*h - 6 = 3*w. Suppose 0 = -w*x + 927 + 49. What is the units digit of x/56 - (-4)/14?
9
Suppose 7*r = 11*r - 48. What is the tens digit of r?
1
Let z(f) = f - 6. Let l be z(8). What is the units digit of l - (-2*1 + 2)?
2
Let u be 2/4*0/6. Suppose 4*l = -u*l + 4. What is the units digit of 3/(-4)*(l - 5)?
3
Let f(s) = 1 - 5 - s + 5 + 5. What is the tens digit of f(-10)?
1
Let d(n) = 3 + n**2 - 1 + 8*n - 3*n. Let x be d(-5). Suppose 0 = -q - 2*h + 5, 3*q - 3*h + x + 1 = 0. What is the units digit of q?
1
Let i be (2/4)/(2/28). Let n = -6 + i. What is the tens digit of n*(0 - (-15 - -2))?
1
Let n(y) = -y**2 - 11*y - 7. Let x be n(-10). Suppose -x*i + c - 8 = 0, 0*c = 5*i + 5*c. What is the units digit of i/4*20/(-1)?
0
Suppose 2*p + q = -3*q + 242, q - 242 = -2*p. What is the tens digit of p?
2
Let b be 2 - (1 + -5 + 3). Suppose -5*j + 74 = -b*j. What is the units digit of j?
7
Let c(r) be the second derivative of 0 + 13/2*r**2 - 1/12*r**4 + 1/6*r**3 + 1/20*r**5 - 3*r. What is the units digit of c(0)?
3
Let n = -3 - -9. Let z(p) = p**2 - 5*p + 4. What is the units digit of z(n)?
0
Let i(h) = 3*h - 4. Let c be 94/8 + 5/20. Suppose 0*j - 2*m - 4 = -j, c = 3*j + m. What is the units digit of i(j)?
8
Let x(z) = -2*z + 3. Let y be x(5). Let o be (-2)/y - 165/(-35). What is the units digit of 5/(o/3) + 0?
3
Suppose 10*s - 13 = 9*s. What is the units digit of s?
3
Let l be (1 - -4)/((-7)/(-63)). Suppose 4*u - 4*h = -0*h + 48, -4*u + l = -5*h. What is the tens digit of u?
1
Let r = 72 + -48. What is the tens digit of r?
2
Suppose -5*j + x = -1 - 5, 3*j + 2 = 2*x. Suppose -j*w + 34 = 6. What is the tens digit of w?
1
Let l(s) = s + 1. Let b be l(2). Suppose -b*w = -75 + 6. What is the tens digit of w?
2
Suppose 0 = -0*h - h + 3. Suppose -21 = -0*d - d + 2*n, 94 = 5*d + n. Suppose 12 = 3*b - 3*i, -4*b + h*i = 